6*c. What is the hundreds digit of 5/c*-3786 + -3 + 2?
2
Suppose -6*y + 3*y + 29034 = l, 0 = 12*l. What is the units digit of y?
8
Let d be (12/15)/((-6)/(-15)). Let z be 1148/7 + d + -1*1. Suppose -12*r + r + z = 0. What is the tens digit of r?
1
Let v(p) = 276*p - 132. Let a(k) = -36*k - 177. Let r be a(-5). What is the units digit of v(r)?
6
Suppose 13*y = 369 + 203. Let c = y + -42. Suppose c*a - 600 = -3*a. What is the units digit of a?
0
Let j(w) = w**3 - 18*w**2 - 537*w + 79. What is the ten thousands digit of j(45)?
3
Suppose 2*n - 5*b - 884 = 124, n - 3*b - 504 = 0. What is the hundreds digit of (n/(-54))/(4/(-66))?
1
Let o(i) = 822*i**2 + 253*i + 785. What is the tens digit of o(-3)?
2
Let z = -25 + -13. What is the tens digit of (z/4)/(-1*3/6)?
1
Let q(o) = 5*o**2 - o + 8. Let d be q(6). Let g = -1215 - -1223. Suppose 122 = g*w - d. What is the units digit of w?
8
Suppose -6250 = -h + 78*z - 82*z, 2*z = 0. What is the tens digit of h?
5
Let v(q) = -8*q**3 + 414*q**2 + 17*q - 255. What is the tens digit of v(51)?
1
Let w be (-1 + 3)/((-18)/(-16497)). Suppose -w = 78*l - 81*l. What is the units digit of l?
1
Suppose 2*n - 3*k - 861 = 0, 1164 = 6*n - 3*k - 1389. Let p(l) = -250*l**2 + l. Let w be p(1). Let i = w + n. What is the hundreds digit of i?
1
Let f = -639 - -959. What is the tens digit of (18 + -27)*f/(-6)?
8
Let t(w) = -5*w - 1. Suppose -11 - 4 = 15*m. Let v be t(m). Suppose 2*o + v*h = -h + 114, 3*h = -2*o + 114. What is the units digit of o?
7
Let g(i) = -24*i + 120. Let r = -479 - -467. What is the tens digit of g(r)?
0
Suppose -1846 = -4*q + 2*r, 0*q + 2*q = 2*r + 920. Suppose q = 2*p + 211. What is the tens digit of p?
2
Let n = -1388 - 500. Let v = -1091 - n. What is the units digit of v?
7
Suppose 103*a - 2880 = 95*a. What is the units digit of 48/a - 24114/(-45)?
6
Suppose -3*m - 367 = -1255. Suppose x = -m + 562. What is the tens digit of x?
6
Let z(r) = 43*r**2 + 3*r - 3. Let y = 65 + -64. Let k be z(y). Suppose -9*i - k + 511 = 0. What is the units digit of i?
2
Let h(z) = -z**2 - 8*z + 25. Let r be -9 - (1 + 3 - 3). Let m be h(r). Suppose 2*t = m*o + 381, -5*t - 525 = 3*o - 1462. What is the hundreds digit of t?
1
Let c(n) = 10*n - 65. Let x be c(31). Let w = x + -163. What is the tens digit of w?
8
Let d(b) = -b**2 - 14*b - 33. Let j be d(-11). Suppose 2*m = -2*g - j*g + 1520, -3*g = -4*m - 2266. What is the tens digit of g?
5
Let s(f) = 30*f**2 - 9*f + 14. Suppose -4*o = -o - 9. What is the hundreds digit of s(o)?
2
Let k(a) = -a**3 + 3*a**2 + 9*a - 6. Let c be k(-3). Suppose c*h - 18621 = -2430. What is the tens digit of h?
7
Let h(g) = 2*g + 43. Suppose 3*a + 4*f + 34 = -8, -4*f = 0. Let c be h(a). What is the tens digit of (-5)/c*-15 + 185?
9
Let k(q) = q**2 - 6*q - 5. Let r be k(11). Let b = 22 - r. What is the tens digit of b/(-6)*(-162)/(-12)?
6
Suppose 2*o - 12 = -2*o. Let z(g) = 53 - 44 + 9*g - o*g. What is the tens digit of z(7)?
5
Let n = -152 + 217. Let m = n - 32. What is the units digit of 53 - (3/(-4) - m/(-44))?
3
Let r = 8 - -23. Let f = r + -85. Let l = 80 + f. What is the tens digit of l?
2
Suppose 29*t - 24*t = -4*q + 103030, -q - 5*t + 25735 = 0. What is the tens digit of q?
6
Let m(h) = -5*h**2 - 5 - h**2 - h**3 + 13 - 3*h**3 - 4*h. Suppose 6 = -2*t + q, -q - 4 = -t + 3*q. What is the hundreds digit of m(t)?
1
Let s = 237 - 351. Suppose 193 = f + 18*g - 20*g, -3*f - 3*g = -597. Let x = s + f. What is the tens digit of x?
8
Let x be 65/26 - (-2 - (-219)/(-2)). Let p = x + 1019. What is the thousands digit of p?
1
What is the hundreds digit of (0 - (-154600)/21) + (-230)/(-2415)?
3
Let y(l) = -l**2 - 15*l - 12. Let p(t) = -t**2 - 10*t - 8. Let c(k) = -7*p(k) + 5*y(k). Let v be c(4). Let g(h) = 21*h + 3. What is the tens digit of g(v)?
7
Let p(z) = 99*z - 123. Let s be p(9). Let h = 1776 - s. What is the tens digit of h?
0
Let d(k) = 164*k**2 + 4*k - 6. Let v be d(3). Let u = v + -941. Suppose w = 5*n - 1349, 2*n - w + 2*w - u = 0. What is the hundreds digit of n?
2
Let n = -49 + 31. Let w(x) = 2*x**2 + 25*x + 58. What is the hundreds digit of w(n)?
2
Let y(t) = -364*t - 17. Let o be y(-3). Suppose -1069 = -j + 6*x - 10*x, 0 = j - 2*x - o. What is the tens digit of j?
7
Suppose -3*h = -6, -4*q + 14006 = -2*q - 2*h. What is the units digit of q?
5
Let p(z) be the third derivative of 11*z**4/8 + 4*z**3 - 59*z**2. What is the tens digit of p(5)?
8
Let m = 0 + 4. Let a(h) = -9*h + 90. Let r be a(10). Suppose -f - 1 + r = q, m*f + 8 = 0. What is the units digit of q?
1
Let h(v) = -180*v - 5. Let r be h(-14). Suppose 0 = 6*w - 839 - r. Let s = -392 + w. What is the units digit of s?
7
Let d = 49 + -36. Let g = 55 - d. Suppose -3*s + 220 = b, 4*s - 322 = 2*b - g. What is the units digit of s?
2
Suppose 44*x - 6*x - 307300 = -12*x. What is the tens digit of x?
4
Let u(k) = k**3 + k**2 + 3*k - 1. Let x be u(1). Suppose x*y = -4*a + 648, y - 3*a + a - 168 = 0. What is the hundreds digit of y?
1
Suppose z + 4*c + 140 = 0, -5*z + 8*z + 5*c = -448. What is the tens digit of 2643/(-2)*(-13)/(z/(-8))?
8
Let t(j) = -81*j**2 + 45*j + 218. Let w(b) = -122*b**2 + 70*b + 327. Let f(a) = -8*t(a) + 5*w(a). What is the thousands digit of f(-6)?
1
Let n(m) = -5*m - 35. Let u be n(-9). Suppose 10*r + u = -0. What is the units digit of r/(((-4)/(-149))/(-4))?
9
Suppose -13*j = -17*j + 20. Suppose -j*z + 562 = 3*w, 4*w + z - 89 - 632 = 0. What is the tens digit of w?
7
Let k = -230 + 220. What is the units digit of (-58)/(k/35*1)?
3
Suppose 4 = 6*n - 5*n, c - 5 = 5*n. Let o(k) = 7*k - 5. Let b be o(5). Let z = b - c. What is the units digit of z?
5
Let i(a) = 4*a**3 + 22*a**2 + 6*a - 5. Let t be i(-5). What is the units digit of (1572/10)/(-4*t/(-200))?
4
Let r(k) = -8*k + 21. Let v(p) = -7*p + 23. Let h(q) = 5*r(q) - 6*v(q). Let y be h(18). Suppose y*c = -181 + 535. What is the units digit of c?
8
Suppose -812*c - 1350932 = -856*c. What is the ten thousands digit of c?
3
Let o = -94474 - -160924. What is the units digit of o?
0
Let j(b) = -175*b - 234. What is the tens digit of j(-33)?
4
Suppose 0 = 13848*z - 13839*z - 36459. What is the units digit of z?
1
What is the tens digit of (7/(70/(-15)))/((-6)/34880)?
2
Let c = -10817 + 16920. What is the tens digit of c?
0
Let y(t) be the third derivative of t**5/5 + t**4/12 + 3*t**3/2 - 28*t**2. What is the hundreds digit of y(5)?
3
Let i be (-21)/49 - (-534)/21. Suppose 18135 = 6*x + i*x. What is the units digit of x?
5
Suppose -4*h + 3*n + 24 = 0, -4 = -2*h - 2*h - 2*n. Suppose 0 = h*d - 1337 + 332. What is the tens digit of d?
3
Suppose -6*t + 2*q - 113752 = -8*t, 0 = 3*t - 3*q - 170664. What is the ten thousands digit of t?
5
Let t(w) = 1334*w + 667. Let q(m) = 46*m + 23. Let g(r) = 115*q(r) - 4*t(r). Let s be g(-7). Suppose -2*b + 45 = -s. What is the tens digit of b?
7
Suppose 41203 = 2*x + 3*i + 8765, 2*i = -3*x + 48672. What is the hundreds digit of x?
2
Let i = 1 - -1. Let f(o) = 26*o**3 - o + 0*o**2 + i*o**2 - o**2 - o + 4. What is the units digit of f(2)?
2
What is the units digit of (-618)/(-5)*(-13780)/(-424)?
7
What is the tens digit of (6862/(-219))/(8/14370*10/(-4))?
1
Let c = -3488 + 6418. Suppose -4*i + 3*q = -4333, 3*i - 4*q = 318 + c. What is the tens digit of i?
8
Let d(q) = -q**3 - 17*q**2 - 36*q - 36. Let y be d(-14). What is the units digit of 8/(y/(-25))*114?
0
What is the units digit of (((-93)/(-18) + -5)*-3)/(4/(-118952))?
9
Suppose 0 = -o + 4*a + 20282 - 5444, 0 = -5*o + 3*a + 74088. What is the hundreds digit of o?
8
Let z(v) = v**3 - 13*v**2 - 19*v + 18. Let o(u) = 39*u - 138. Let p be o(4). What is the hundreds digit of z(p)?
2
What is the tens digit of (1193070/(-8))/(-3) - 6939/3084?
0
Let u = -211 - -225. Suppose 323 = -u*s + 1667. What is the units digit of s?
6
What is the units digit of ((4 - 3) + 0)/(-9) + 1025346/189?
5
Suppose 31*s - 81*s = -435400. What is the hundreds digit of s?
7
Suppose 4*n = c + 3*c - 9072, -n + 11334 = 5*c. Suppose 3*z = c + 799. What is the thousands digit of z?
1
Let u(q) be the second derivative of 7*q**3/3 + 45*q**2 - 48*q. What is the tens digit of u(22)?
9
Let f(k) be the third derivative of k**5/60 - k**4/24 + 7*k**3 - 17*k**2. Let c be f(17). Let a = c - 114. What is the hundreds digit of a?
2
Supp